{"id":276,"date":"2013-03-22T18:53:51","date_gmt":"2013-03-22T18:53:51","guid":{"rendered":"https:\/\/auto-repair.vamtam.com\/?page_id=276"},"modified":"2019-05-09T22:03:08","modified_gmt":"2019-05-09T20:03:08","slug":"blog-layout-2","status":"publish","type":"page","link":"https:\/\/modelisme-martinique.com\/index.php\/blog\/blog-layout-2\/","title":{"rendered":"Actualit\u00e9s"},"content":{"rendered":"<div class=\"loop-wrapper clearfix regular normal paginated\" data-columns=\"1\"  >\n\t\t\t<div class=\"page-content post-header clearfix list-item post-10460 post type-post status-publish format-standard hentry category-non-classe\" >\n\t\t\t\t<div>\n\t\t\t\t\t<div class=\"post-article no-image-wrapper \">\n\t<div class=\"standard-post-format clearfix as-normal as-standard-post-format\">\n\t\t<div class=\"post-row\">\n\t<div class=\"post-row-left\">\n\t\n<div class=\"post-date updated\">\n\t\t\t<span class=\"top-part\">\n\t\t\t11\t\t<\/span>\n\t\t<span class=\"bottom-part\">\n\t\t\t10 '20\t\t<\/span>\n\t<\/div><\/div>\n\t<div class=\"post-row-center\">\n\t\t\t\t<div class=\"post-content-outer\">\n\t\t\t\t\t<header class=\"single\">\n\t\t\t<div class=\"content\">\n\t\t\t\t\t\t\t\t<h3>\n\t\t\t\t\t<a href=\"https:\/\/modelisme-martinique.com\/index.php\/2020\/10\/11\/courses-amicales\/\" title=\"Courses amicales entry-title\" itemprop=\"headline\">Courses amicales<\/a>\n\t\t\t\t<\/h3>\n\t\t\t<\/div>\n\t\t<\/header>\n\t<div class=\"post-content the-content\">\n\t<p>La f\u00e9d\u00e9ration fran\u00e7aise de mod\u00e9lisme a arr\u00eat\u00e9 le championnat actuelle. Les courses reprendront de fa\u00e7on amicale tout en respectant les contraintes sanitaires. Les dates pr\u00e9vues sont le 25 Octobre et le 11 novembre 2020. Nous vous demandons de vous munir de vos masques et de respecter les gestes barri\u00e8res. Merci \u00e0 tous.<\/p>\n<\/div><div class=\"post-meta\">\n\t<nav class=\"clearfix\">\n\t\t\t\t\t<div class=\"author\"><span class=\"icon theme\">&#57398;<\/span><span itemprop=\"author\"><a href=\"https:\/\/modelisme-martinique.com\/index.php\/author\/admin2006\/\" title=\"Articles par admin2006\" rel=\"author\">admin2006<\/a><\/span><\/div>\n\t\t\n\t\t\t\t\t\t\t\t\t<div><span class=\"icon\">&#57451;<\/span><span class=\"visuallyhidden\">Category<\/span><a href=\"https:\/\/modelisme-martinique.com\/index.php\/category\/non-classe\/\" rel=\"category tag\">Non class\u00e9<\/a><\/div>\n\t\t\t\t\t\t\t\t\t\t\t\n<div class=\"post-actions\">\n\t\t\t\t\t\t<div class=\"comment-count\">\n\t\t\t\t<a href=\"https:\/\/modelisme-martinique.com\/index.php\/2020\/10\/11\/courses-amicales\/#respond\"><span class=\"icon\">&#57570;<\/span>0 <span class=\"comment-word visuallyhidden\">Comments<\/span><\/a>\t\t\t<\/div>\n\t\t\n\t\t\n\t\t\t<\/div>\t<\/nav>\n<\/div>\t\t<\/div>\n\t<\/div>\n<\/div>\t<\/div>\n<\/div>\n\t\t\t\t<\/div>\n\t\t\t<\/div>\n<\/div>\n\n\n","protected":false},"excerpt":{"rendered":"<p>La f\u00e9d\u00e9ration fran\u00e7aise de mod\u00e9lisme a arr\u00eat\u00e9 le championnat actuelle. Les courses reprendront de fa\u00e7on amicale tout en respectant les contraintes sanitaires. Les dates pr\u00e9vues sont le 25 Octobre et le 11 novembre 2020. Nous vous demandons de vous munir de vos masques et de respecter les gestes barri\u00e8res. Merci \u00e0 tous.<\/p>\n","protected":false},"author":1,"featured_media":0,"parent":275,"menu_order":2,"comment_status":"closed","ping_status":"closed","template":"","meta":[],"yoast_head":"<!-- This site is optimized with the Yoast SEO plugin v15.9 - https:\/\/yoast.com\/wordpress\/plugins\/seo\/ -->\n<title>Actualit\u00e9s - martinique modelisme<\/title>\n<meta name=\"robots\" content=\"index, follow, max-snippet:-1, max-image-preview:large, max-video-preview:-1\" \/>\n<link rel=\"canonical\" href=\"https:\/\/modelisme-martinique.com\/index.php\/blog\/blog-layout-2\/\" \/>\n<meta property=\"og:locale\" content=\"fr_FR\" \/>\n<meta property=\"og:type\" content=\"article\" \/>\n<meta property=\"og:title\" content=\"Actualit\u00e9s - martinique modelisme\" \/>\n<meta property=\"og:description\" content=\"La f\u00e9d\u00e9ration fran\u00e7aise de mod\u00e9lisme a arr\u00eat\u00e9 le championnat actuelle. Les courses reprendront de fa\u00e7on amicale tout en respectant les contraintes sanitaires. Les dates pr\u00e9vues sont le 25 Octobre et le 11 novembre 2020. Nous vous demandons de vous munir de vos masques et de respecter les gestes barri\u00e8res. Merci \u00e0 tous.\" \/>\n<meta property=\"og:url\" content=\"https:\/\/modelisme-martinique.com\/index.php\/blog\/blog-layout-2\/\" \/>\n<meta property=\"og:site_name\" content=\"martinique modelisme\" \/>\n<meta property=\"article:modified_time\" content=\"2019-05-09T20:03:08+00:00\" \/>\n<meta name=\"twitter:card\" content=\"summary_large_image\" \/>\n<script type=\"application\/ld+json\" class=\"yoast-schema-graph\">{\"@context\":\"https:\/\/schema.org\",\"@graph\":[{\"@type\":\"WebSite\",\"@id\":\"https:\/\/modelisme-martinique.com\/#website\",\"url\":\"https:\/\/modelisme-martinique.com\/\",\"name\":\"martinique modelisme\",\"description\":\"Le num\\u00e9ro 1 de la voiture RC en Martinique\",\"potentialAction\":[{\"@type\":\"SearchAction\",\"target\":\"https:\/\/modelisme-martinique.com\/?s={search_term_string}\",\"query-input\":\"required name=search_term_string\"}],\"inLanguage\":\"fr-FR\"},{\"@type\":\"WebPage\",\"@id\":\"https:\/\/modelisme-martinique.com\/index.php\/blog\/blog-layout-2\/#webpage\",\"url\":\"https:\/\/modelisme-martinique.com\/index.php\/blog\/blog-layout-2\/\",\"name\":\"Actualit\\u00e9s - martinique modelisme\",\"isPartOf\":{\"@id\":\"https:\/\/modelisme-martinique.com\/#website\"},\"datePublished\":\"2013-03-22T18:53:51+00:00\",\"dateModified\":\"2019-05-09T20:03:08+00:00\",\"breadcrumb\":{\"@id\":\"https:\/\/modelisme-martinique.com\/index.php\/blog\/blog-layout-2\/#breadcrumb\"},\"inLanguage\":\"fr-FR\",\"potentialAction\":[{\"@type\":\"ReadAction\",\"target\":[\"https:\/\/modelisme-martinique.com\/index.php\/blog\/blog-layout-2\/\"]}]},{\"@type\":\"BreadcrumbList\",\"@id\":\"https:\/\/modelisme-martinique.com\/index.php\/blog\/blog-layout-2\/#breadcrumb\",\"itemListElement\":[{\"@type\":\"ListItem\",\"position\":1,\"item\":{\"@type\":\"WebPage\",\"@id\":\"https:\/\/modelisme-martinique.com\/\",\"url\":\"https:\/\/modelisme-martinique.com\/\",\"name\":\"Accueil\"}},{\"@type\":\"ListItem\",\"position\":2,\"item\":{\"@type\":\"WebPage\",\"@id\":\"https:\/\/modelisme-martinique.com\/index.php\/blog\/\",\"url\":\"https:\/\/modelisme-martinique.com\/index.php\/blog\/\",\"name\":\"Blog\"}},{\"@type\":\"ListItem\",\"position\":3,\"item\":{\"@type\":\"WebPage\",\"@id\":\"https:\/\/modelisme-martinique.com\/index.php\/blog\/blog-layout-2\/\",\"url\":\"https:\/\/modelisme-martinique.com\/index.php\/blog\/blog-layout-2\/\",\"name\":\"Actualit\\u00e9s\"}}]}]}<\/script>\n<!-- \/ Yoast SEO plugin. -->","_links":{"self":[{"href":"https:\/\/modelisme-martinique.com\/index.php\/wp-json\/wp\/v2\/pages\/276"}],"collection":[{"href":"https:\/\/modelisme-martinique.com\/index.php\/wp-json\/wp\/v2\/pages"}],"about":[{"href":"https:\/\/modelisme-martinique.com\/index.php\/wp-json\/wp\/v2\/types\/page"}],"author":[{"embeddable":true,"href":"https:\/\/modelisme-martinique.com\/index.php\/wp-json\/wp\/v2\/users\/1"}],"replies":[{"embeddable":true,"href":"https:\/\/modelisme-martinique.com\/index.php\/wp-json\/wp\/v2\/comments?post=276"}],"version-history":[{"count":3,"href":"https:\/\/modelisme-martinique.com\/index.php\/wp-json\/wp\/v2\/pages\/276\/revisions"}],"predecessor-version":[{"id":10084,"href":"https:\/\/modelisme-martinique.com\/index.php\/wp-json\/wp\/v2\/pages\/276\/revisions\/10084"}],"up":[{"embeddable":true,"href":"https:\/\/modelisme-martinique.com\/index.php\/wp-json\/wp\/v2\/pages\/275"}],"wp:attachment":[{"href":"https:\/\/modelisme-martinique.com\/index.php\/wp-json\/wp\/v2\/media?parent=276"}],"curies":[{"name":"wp","href":"https:\/\/api.w.org\/{rel}","templated":true}]}}