{"id":10312,"date":"2019-05-07T17:49:42","date_gmt":"2019-05-07T15:49:42","guid":{"rendered":"https:\/\/modelisme-martinique.com\/?page_id=10312"},"modified":"2019-05-09T16:55:39","modified_gmt":"2019-05-09T14:55:39","slug":"1-5","status":"publish","type":"page","link":"https:\/\/modelisme-martinique.com\/index.php\/1-5\/","title":{"rendered":"1\/5"},"content":{"rendered":"\n<p>Ces grosses voitures radiocommand\u00e9es sont probablement les plus techniques du mod\u00e9lisme sur piste. Leurs moteurs thermiques utilisent du sans plomb 95 que l&rsquo;on peut trouver \u00e0 la station service du coin. Il faudra tout de m\u00eame y ajouter de l&rsquo;huile de synth\u00e8se mais ce choix de carburant r\u00e9duit grandement le coups d&rsquo;utilisation de ces voitures radiocommand\u00e9es. Leurs tailles permets une plus grande vari\u00e9t\u00e9 de r\u00e9glages, leurs ch\u00e2ssis est par exemple enti\u00e8rement suspendu. Enfin ses voitures sont tr\u00e8s fiables et n\u00e9cessitent moins d&rsquo;entretien. <br><\/p>\n","protected":false},"excerpt":{"rendered":"<p>Ces grosses voitures radiocommand\u00e9es sont probablement les plus techniques du mod\u00e9lisme sur piste. Leurs moteurs thermiques utilisent du sans plomb 95 que l&rsquo;on peut trouver \u00e0 la station service du coin. Il faudra tout de m\u00eame y ajouter de l&rsquo;huile de synth\u00e8se mais ce choix de carburant r\u00e9duit grandement le coups d&rsquo;utilisation de ces voitures<\/p>\n","protected":false},"author":1,"featured_media":0,"parent":0,"menu_order":0,"comment_status":"closed","ping_status":"closed","template":"","meta":[],"yoast_head":"<!-- This site is optimized with the Yoast SEO plugin v15.9 - https:\/\/yoast.com\/wordpress\/plugins\/seo\/ -->\n<title>1\/5 - martinique modelisme<\/title>\n<meta name=\"robots\" content=\"index, follow, max-snippet:-1, max-image-preview:large, max-video-preview:-1\" \/>\n<link rel=\"canonical\" href=\"https:\/\/modelisme-martinique.com\/index.php\/1-5\/\" \/>\n<meta property=\"og:locale\" content=\"fr_FR\" \/>\n<meta property=\"og:type\" content=\"article\" \/>\n<meta property=\"og:title\" content=\"1\/5 - martinique modelisme\" \/>\n<meta property=\"og:description\" content=\"Ces grosses voitures radiocommand\u00e9es sont probablement les plus techniques du mod\u00e9lisme sur piste. Leurs moteurs thermiques utilisent du sans plomb 95 que l&rsquo;on peut trouver \u00e0 la station service du coin. Il faudra tout de m\u00eame y ajouter de l&rsquo;huile de synth\u00e8se mais ce choix de carburant r\u00e9duit grandement le coups d&rsquo;utilisation de ces voitures\" \/>\n<meta property=\"og:url\" content=\"https:\/\/modelisme-martinique.com\/index.php\/1-5\/\" \/>\n<meta property=\"og:site_name\" content=\"martinique modelisme\" \/>\n<meta property=\"article:modified_time\" content=\"2019-05-09T14:55:39+00:00\" \/>\n<meta name=\"twitter:card\" content=\"summary_large_image\" \/>\n<script type=\"application\/ld+json\" class=\"yoast-schema-graph\">{\"@context\":\"https:\/\/schema.org\",\"@graph\":[{\"@type\":\"WebSite\",\"@id\":\"https:\/\/modelisme-martinique.com\/#website\",\"url\":\"https:\/\/modelisme-martinique.com\/\",\"name\":\"martinique modelisme\",\"description\":\"Le num\\u00e9ro 1 de la voiture RC en Martinique\",\"potentialAction\":[{\"@type\":\"SearchAction\",\"target\":\"https:\/\/modelisme-martinique.com\/?s={search_term_string}\",\"query-input\":\"required name=search_term_string\"}],\"inLanguage\":\"fr-FR\"},{\"@type\":\"WebPage\",\"@id\":\"https:\/\/modelisme-martinique.com\/index.php\/1-5\/#webpage\",\"url\":\"https:\/\/modelisme-martinique.com\/index.php\/1-5\/\",\"name\":\"1\/5 - martinique modelisme\",\"isPartOf\":{\"@id\":\"https:\/\/modelisme-martinique.com\/#website\"},\"datePublished\":\"2019-05-07T15:49:42+00:00\",\"dateModified\":\"2019-05-09T14:55:39+00:00\",\"breadcrumb\":{\"@id\":\"https:\/\/modelisme-martinique.com\/index.php\/1-5\/#breadcrumb\"},\"inLanguage\":\"fr-FR\",\"potentialAction\":[{\"@type\":\"ReadAction\",\"target\":[\"https:\/\/modelisme-martinique.com\/index.php\/1-5\/\"]}]},{\"@type\":\"BreadcrumbList\",\"@id\":\"https:\/\/modelisme-martinique.com\/index.php\/1-5\/#breadcrumb\",\"itemListElement\":[{\"@type\":\"ListItem\",\"position\":1,\"item\":{\"@type\":\"WebPage\",\"@id\":\"https:\/\/modelisme-martinique.com\/\",\"url\":\"https:\/\/modelisme-martinique.com\/\",\"name\":\"Accueil\"}},{\"@type\":\"ListItem\",\"position\":2,\"item\":{\"@type\":\"WebPage\",\"@id\":\"https:\/\/modelisme-martinique.com\/index.php\/1-5\/\",\"url\":\"https:\/\/modelisme-martinique.com\/index.php\/1-5\/\",\"name\":\"1\/5\"}}]}]}<\/script>\n<!-- \/ Yoast SEO plugin. -->","_links":{"self":[{"href":"https:\/\/modelisme-martinique.com\/index.php\/wp-json\/wp\/v2\/pages\/10312"}],"collection":[{"href":"https:\/\/modelisme-martinique.com\/index.php\/wp-json\/wp\/v2\/pages"}],"about":[{"href":"https:\/\/modelisme-martinique.com\/index.php\/wp-json\/wp\/v2\/types\/page"}],"author":[{"embeddable":true,"href":"https:\/\/modelisme-martinique.com\/index.php\/wp-json\/wp\/v2\/users\/1"}],"replies":[{"embeddable":true,"href":"https:\/\/modelisme-martinique.com\/index.php\/wp-json\/wp\/v2\/comments?post=10312"}],"version-history":[{"count":2,"href":"https:\/\/modelisme-martinique.com\/index.php\/wp-json\/wp\/v2\/pages\/10312\/revisions"}],"predecessor-version":[{"id":10348,"href":"https:\/\/modelisme-martinique.com\/index.php\/wp-json\/wp\/v2\/pages\/10312\/revisions\/10348"}],"wp:attachment":[{"href":"https:\/\/modelisme-martinique.com\/index.php\/wp-json\/wp\/v2\/media?parent=10312"}],"curies":[{"name":"wp","href":"https:\/\/api.w.org\/{rel}","templated":true}]}}